 of 5387577639?
3, 1795859213
List the prime factors of 19034207.
19034207
What are the prime factors of 52583708?
2, 61, 215507
What are the prime factors of 99900395?
5, 7, 41, 43, 1619
List the prime factors of 101503920.
2, 3, 5, 7, 31, 1949
List the prime factors of 144340794.
2, 3, 13, 616841
What are the prime factors of 98148890?
2, 5, 7, 1402127
What are the prime factors of 1737298737?
3, 29, 919, 7243
What are the prime factors of 129200004?
2, 3, 37, 96997
What are the prime factors of 3294934761?
3, 19, 57805873
List the prime factors of 2597130734.
2, 11, 118051397
List the prime factors of 34389249.
3, 17, 674299
What are the prime factors of 3117489761?
44189, 70549
What are the prime factors of 3434937744?
2, 3, 7, 10223029
What are the prime factors of 664150054?
2, 19, 29, 602677
List the prime factors of 29720651.
53, 560767
List the prime factors of 2657184244.
2, 11, 13, 83, 97, 577
What are the prime factors of 1416796593?
3, 863, 547237
What are the prime factors of 138955594?
2, 47, 1478251
What are the prime factors of 10460955?
3, 5, 697397
What are the prime factors of 1303504538?
2, 7, 19, 4900393
List the prime factors of 1813823883.
3, 201535987
List the prime factors of 55676524.
2, 41, 339491
List the prime factors of 774092377.
774092377
List the prime factors of 324112872.
2, 3, 23, 41, 14321
What are the prime factors of 1026464803?
7, 13, 107, 271, 389
What are the prime factors of 2098577748?
2, 3, 174881479
What are the prime factors of 325084532?
2, 81271133
List the prime factors of 1276811500.
2, 5, 1429, 1787
List the prime factors of 82111407.
3, 7, 19, 29399
What are the prime factors of 25079452?
2, 127, 49369
List the prime factors of 1852034050.
2, 5, 337, 109913
List the prime factors of 7050902793.
3, 11, 19, 23, 59, 8287
What are the prime factors of 33833708?
2, 8458427
What are the prime factors of 931855309?
7, 11, 12102017
List the prime factors of 4237448780.
2, 5, 19, 11151181
What are the prime factors of 350348623?
29, 283, 42689
List the prime factors of 216654958.
2, 13, 49307
List the prime factors of 752474600.
2, 5, 29, 129737
List the prime factors of 668682954.
2, 3, 109, 499, 683
List the prime factors of 49553767.
19, 37, 70489
List the prime factors of 51968644.
2, 7, 13, 142771
List the prime factors of 103601913.
3, 23, 461, 3257
List the prime factors of 310898459.
73, 4258883
List the prime factors of 93185404.
2, 13, 1792027
List the prime factors of 150520206.
2, 3, 25086701
What are the prime factors of 47794186?
2, 11, 997, 2179
What are the prime factors of 239898953?
7, 4895897
List the prime factors of 5183245285.
5, 59, 127, 138349
List the prime factors of 83478823.
17, 101, 48619
List the prime factors of 4574993359.
1999, 2288641
List the prime factors of 582868813.
582868813
What are the prime factors of 239524999?
7, 929, 36833
What are the prime factors of 3540340063?
13, 272333851
List the prime factors of 664795496.
2, 23, 31, 116549
What are the prime factors of 66544883?
66544883
What are the prime factors of 1105046676?
2, 3, 30695741
What are the prime factors of 884598761?
2371, 373091
List the prime factors of 21288419.
21288419
List the prime factors of 2328926677.
7, 11, 31, 975671
What are the prime factors of 232035488?
2, 467, 15527
What are the prime factors of 19187907?
3, 6395969
List the prime factors of 37605947.
37605947
List the prime factors of 56088256.
2, 7, 125197
List the prime factors of 451916314.
2, 191, 1183027
What are the prime factors of 3597107241?
3, 7, 13, 23, 572879
What are the prime factors of 36866564?
2, 7, 31, 42473
What are the prime factors of 762154906?
2, 7681, 49613
What are the prime factors of 27435445?
5, 2027, 2707
What are the prime factors of 1105149124?
2, 17, 16252193
List the prime factors of 188377523.
188377523
List the prime factors of 66339038.
2, 23, 199, 7247
List the prime factors of 3045631.
3045631
What are the prime factors of 670612457?
37, 18124661
List the prime factors of 256337707.
227, 311, 3631
List the prime factors of 282539234.
2, 19, 79, 94117
List the prime factors of 1369265157.
3, 13, 11703121
What are the prime factors of 90503035?
5, 7, 337, 7673
What are the prime factors of 2467442020?
2, 5, 123372101
List the prime factors of 623777294.
2, 7, 17, 2620913
What are the prime factors of 10367107?
10367107
List the prime factors of 842586167.
251, 641, 5237
What are the prime factors of 134390591?
19, 73, 96893
What are the prime factors of 695340544?
2, 1358087
What are the prime factors of 18708986?
2, 9354493
What are the prime factors of 54139152?
2, 3, 17, 66347
What are the prime factors of 82172866?
2, 17, 2416849
What are the prime factors of 59980539?
3, 17, 1176089
What are the prime factors of 562373310?
2, 3, 5, 839, 22343
List the prime factors of 860234493.
3, 17, 83, 203221
What are the prime factors of 713854565?
5, 17, 23, 47, 457
List the prime factors of 645601475.
5, 19, 1359161
What are the prime factors of 188194005?
3, 5, 4182089
List the prime factors of 1378705011.
3, 459568337
What are the prime factors of 85849590?
2, 3, 5, 1423, 2011
What are the prime factors of 62375938?
2, 2393, 13033
List the prime factors of 2640325059.
3, 97789817
List the prime factors of 49608304.
2, 3100519
List the prime factors of 693362992.
2, 7, 631, 9811
What are the prime factors of 116563960?
2, 5, 53, 54983
List the prime factors of 9333293.
9333293
What are the prime factors of 161184134?
2, 80592067
List the prime factors of 134266418.
2, 11, 13, 59, 73, 109
What are the prime factors of 108463812?
2, 3, 643, 14057
What are the prime factors of 42424601?
67, 331, 1913
What are the prime factors of 49162969?
107, 459467
What are the prime factors of 614188854?
2, 3, 29, 1176607
What are the prime factors of 676962955?
5, 135392591
List the prime factors of 1421951980.
2, 5, 71097599
List the prime factors of 40223923.
409, 98347
List the prime factors of 624343602.
2, 3, 23, 4524229
What are the prime factors of 258935131?
7, 13, 41, 69401
What are the prime factors of 388095316?
2, 7, 439, 31573
What are the prime factors of 285672062?
2, 13, 199, 55213
List the prime factors of 76968468.
2, 3, 19, 12503
List the prime factors of 353187051.
3, 7, 2402633
What are the prime factors of 582469765?
5, 79, 181, 8147
What are the prime factors of 977120002?
2, 3803, 128467
List the prime factors of 52046677.
23, 29, 78031
What are the prime factors of 25742460?
2, 3, 5, 409, 1049
What are the prime factors of 170288319?
3, 29, 37, 52901
What are the prime factors of 216568366?
2, 7, 2003, 7723
List the prime factors of 1295539066.
2, 647769533
List the prime factors of 5487131430.
2, 3, 5, 11, 503, 3673
What are the prime factors of 962349921?
3, 13, 269, 30577
List the prime factors of 3090716858.
2, 17, 41, 3181
What are the prime factors of 15958450?
2, 5, 319169
List the prime factors of 140842442.
2, 13, 67, 233, 347
List the prime factors of 1202605028.
2, 523, 574859
What are the prime factors of 396133731?
3, 7, 6287837
What are the prime factors of 281973360?
2, 3, 5, 43, 89, 307
List the prime factors of 10792713.
3, 3597571
What are the prime factors of 170346698?
2, 17, 1427, 3511
List the prime factors of 668221711.
668221711
List the prime factors of 139883130.
2, 3, 5, 19, 179, 457
List the prime factors of 2393192116.
2, 7, 37, 349, 6619
List the prime factors of 991756219.
991756219
List the prime factors of 232443294.
2, 3, 29, 43, 47, 661
List the prime factors of 165570726.
2, 3, 43, 641747
List the prime factors of 3657661993.
3657661993
List the prime factors of 28582566.
2, 3, 73, 65257
What are the prime factors of 6357876811?
11, 13, 6547, 6791
What are the prime factors of 291886186?
2, 241, 605573
What are the prime factors of 651423973?
14519, 44867
What are the prime factors of 4075885347?
3, 937, 1449977
What are the prime factors of 33546311?
151, 222161
List the prime factors of 526557574.
2, 997, 264071
What are the prime factors of 1485609129?
3, 29, 41, 138829
List the prime factors of 37166960.
2, 5, 464587
What are the prime factors of 514327912?
2, 7, 67, 19583
What are the prime factors of 2294974176?
2, 3, 11, 1223, 1777
What ar